t is the units digit of j?
5
Let z(y) = y**2 - 80. Let v be z(0). Let u be 18/15*v/(-6). Suppose -4*w + 2*q - 14 = -5*w, -2*w - q = -u. What is the units digit of w?
6
Suppose -25 - 40 = 5*g. Let r(b) = 2*b**2 + b. Let n(v) = 13*v**2 + 19*v + 12. Let s(f) = n(f) - 6*r(f). What is the units digit of s(g)?
2
Let r(b) = 2*b - 7. Let q be r(6). Suppose -q*c + 0*h = -4*h - 465, -c - 2*h = -79. Suppose -82 = -3*m + p, -5*m + 5*p - c = -229. What is the tens digit of m?
2
Let s(u) = 18*u**2 + 2*u + 10. Suppose -2 = -5*j + 18. What is the hundreds digit of s(j)?
3
Suppose -6*w - 734 = -7*w - 5*f, 0 = -f + 2. What is the hundreds digit of w?
7
What is the tens digit of ((3 + 1758)/(-3))/(-1)?
8
Let q = -2309 - -3548. What is the hundreds digit of q?
2
Let s = 100 - -68. Suppose 2*g = -2*a + s, 2*g = -a - g + 76. What is the units digit of a?
8
Let j(k) = 5*k + 33. Let n be j(-5). Suppose -1488 = -n*b - 4*b. What is the hundreds digit of b?
1
Let m be (903/2)/(-1)*4/(-6). Suppose 4*t = -3*t + m. What is the tens digit of t?
4
Let f(g) = g**3 - 56*g**2 + 169*g - 38. What is the tens digit of f(53)?
9
Let f = 53 + 37. Suppose m = 6*m - f. What is the tens digit of 6/m - 89/(-3)?
3
Let j(x) = x**2 + 4*x + 5. Let l be j(-2). What is the units digit of 522/(-21)*-7*l?
4
Suppose -49 = -p + 5*t - 9, 50 = 4*p + 2*t. Suppose -2*o = -3*r - p, 0*r + 4*r = -5*o + 3. Suppose 0*s - o*s + 84 = 0. What is the tens digit of s?
2
Let l be 148/(-28) + (-4)/(-14). Let v(t) = t**3 + 5*t**2 - t + 6. What is the tens digit of v(l)?
1
Let n be 207/(-6)*1*-6. Suppose -3*b = -4*z - 26 - n, -5*b + z + 377 = 0. What is the tens digit of b?
7
Let s = 3 - 0. Suppose -3*v = -s - 6. Suppose 3*y - v = 18. What is the units digit of y?
7
Suppose 3*o = 62 + 19. Let n = 44 - o. Let z = n + 30. What is the tens digit of z?
4
Let s(d) = 4*d**2 + 35*d - 86. What is the thousands digit of s(24)?
3
Let k(b) be the second derivative of 5*b**4/12 - 2*b**3/3 + b**2 - 5*b. Let t be (3 - 2)*(-2 + 5). What is the tens digit of k(t)?
3
Suppose 5*v + 1224 = -j, -885 = 4*v + j + 94. What is the units digit of v/(-5)*(4 + -3)?
9
Let h(w) = -2*w**2 - 12*w. Let v be h(-6). What is the tens digit of (-20)/60*(v - 39)?
1
Suppose -3 = q + 19. Let n = 69 + q. What is the tens digit of n?
4
Let m(r) be the third derivative of -r**6/6 - r**5/60 + r**4/12 + r**3/3 - r**2. What is the units digit of m(-1)?
9
Let y be 75*3 - (-9 - -8). Let r = -90 + y. What is the tens digit of r?
3
Let v(c) = -c**3 - 6*c**2 - 5*c + 2. Let t be v(-5). Suppose -4*q + t*q = -90. What is the tens digit of q?
4
Suppose 0 = 9*s - 4*s + 225. Let h = -29 - s. What is the tens digit of h?
1
Let l(j) = 2*j**2 - 17*j - 5. Let q(g) = -g**3 - 4*g**2 - 15. Let v be q(-5). What is the units digit of l(v)?
5
Let g be 2 + -1 + (1 - -117). Let p = 5 + g. What is the hundreds digit of p?
1
Let d be (20/(-7) + 2)*-7. Suppose 0 = x - d*x + 265. What is the tens digit of x?
5
Suppose -74 + 14 = -10*d. What is the units digit of d?
6
Let b = -93 + -1. Let v = b + 182. What is the units digit of v?
8
Let l(m) = -m**2 - 20*m + 13. Let u be l(5). Let o = 127 + u. What is the units digit of o?
5
Let g be ((-1)/(-1))/(2/20). Let v(z) = 0*z**3 + 5 - z**3 + g*z**2 - 10*z + 3*z. What is the tens digit of v(9)?
2
Let t(h) = -h**3 + 25*h**2 + 29*h + 48. What is the hundreds digit of t(25)?
7
Let l(p) = -25*p - 10. Let q be l(9). Let w = -36 - -34. What is the tens digit of ((-10)/(-25))/(w/q)?
4
Suppose -28411 = -32*o + 2117. What is the tens digit of o?
5
Suppose -5*k + 1173 = 2*i, -2*i - 17*k = -19*k - 1138. What is the units digit of i?
4
Suppose -14*j + 25*j - 5302 = 0. What is the hundreds digit of j?
4
Suppose -2*l = l - 30. Let d = -56 + 50. Let k = l + d. What is the units digit of k?
4
Let i be ((-132)/30 - -4) + 3034/10. Let g = 463 - i. What is the tens digit of g?
6
Suppose 5*k - 6 = 3*k, -2*i + 4*k + 1822 = 0. What is the tens digit of i?
1
Suppose 10*k + 6 = 12*k. Let c = 3 + k. Suppose -4*f + c = -10. What is the units digit of f?
4
Suppose -4*p + 4650 = 730. What is the tens digit of p?
8
Let g = -1458 + 2147. Suppose 3*h = 4*j - g, -h = j - 2*h - 171. What is the tens digit of j?
7
Suppose 56 = 3*i + 44. Let a(p) = 21*p + 2. What is the units digit of a(i)?
6
Let u be 4/(-10)*(-5)/(-1). Let t(f) = 2*f**3 + f**2 - f - 1. Let g(y) = -6*y**3 - 5*y**2 + 4*y + 8. Let o(w) = -g(w) - 5*t(w). What is the units digit of o(u)?
7
Let c(o) = -o**3 + 20*o**2 + 40*o + 11. Let h be c(22). Let w = 124 + h. What is the units digit of w?
7
Let v = -7777 - -11917. What is the tens digit of v?
4
Suppose 2*o - 1290 = -2*y, 2592 = -7*o + 11*o + y. What is the hundreds digit of o?
6
Suppose -245 = g + 6*g. Let l = g + 95. What is the units digit of l?
0
Suppose -4*m - 10 = -6*m. Let b = m + 0. Suppose i + 160 = b*i. What is the units digit of i?
0
Let m(t) = 7*t - 11. Let s be m(2). Suppose x = -c + 80, 2*x + s*c - 47 = 116. What is the units digit of x?
7
Let y(c) = -534*c**3 + 2*c**2 + 4*c + 1. What is the tens digit of y(-1)?
3
Suppose 37*z = 33710 + 53573. What is the units digit of z?
9
Let r(u) = -8*u - 11. Let t be r(-8). Let f = t - 88. Let y = f + 56. What is the units digit of y?
1
Suppose -15 = -11*b + 18. Suppose 0 = b*v - 5*j - 489, 2*v + 171 = 3*v + j. What is the units digit of v?
8
Let v = 1512 + -614. What is the tens digit of v?
9
Suppose -4*u + 3 = -5. Suppose 0 = 3*x - u*x - 28. What is the tens digit of x?
2
Suppose 4*y - 4*j = -4, -7*y = -2*y - j + 5. What is the units digit of (-215 - -8)*1*y?
7
Let s(h) = -h**3 + 5*h**2 + 8*h - 2. Let y be s(6). Suppose -11*v = -y*v - 145. What is the hundreds digit of v?
1
Suppose p + 5*h = 3087, 7*p + 4*h = 10*p - 9280. What is the units digit of p?
2
Let t = -13 + 25. Let u be t/20 - (-24)/10. What is the units digit of 6/(-9)*(u - 72)?
6
Let d = 170 + 881. What is the thousands digit of d?
1
Suppose 0 = s - 8*s + 2*s. Suppose s = 3*g - 3*k - 291, 290 = 3*g - 3*k + k. What is the units digit of g?
6
Let o(s) = s**3 + 9*s**2 + 9*s + 10. Let d be o(-8). Suppose -28 = p - d*p. Suppose 5*j - 87 - p = 0. What is the tens digit of j?
2
Let p(d) = d + 3*d - 7 + 2*d**2 + 0 + 2. What is the tens digit of p(4)?
4
Suppose -2*y = 2*r - 0*y - 908, r - 5*y = 448. What is the tens digit of r?
5
What is the tens digit of (-12)/(-8)*30310/15?
3
Let y = 7 - 4. Suppose 0 = 5*p + 4*a - 9, y = 2*p + a - 0. What is the units digit of 93*p*6/9?
2
Suppose -11 + 3 = -4*k, k = -2*d - 6. Suppose 0 = 2*h + 3*h + 40. What is the tens digit of (-2 + 0/d)*h?
1
Suppose 2*h + m = 366, -3*m + 285 = 3*h - 264. What is the tens digit of h?
8
Suppose -3*f + 19261 = 4*s, -2*s - 3*f + 9629 = -0*s. What is the tens digit of s?
1
Let p(x) = -x**2 - 8*x + 2. Suppose 8*k = 10*k + 14. Let c be p(k). Suppose 5*f = 3*y + c, y = 5*y - 4*f + 4. What is the units digit of y?
2
Let p(x) = 24*x - 23. What is the hundreds digit of p(11)?
2
Let c = 660 + -275. What is the tens digit of c?
8
Suppose f - 3*j = -25, 3*j = 4*f + 2*j + 100. Let v = -1 + 4. Let n = v - f. What is the units digit of n?
8
Let x(r) = 3*r + 1. Let h be x(-3). Let f = -19 - h. Let v = f - -24. What is the tens digit of v?
1
Suppose -60 = 6*j + 90. What is the tens digit of 735/(2 + 1)*(-10)/j?
9
Suppose 4 - 19 = -3*i. Suppose 4*f - 3 = i. What is the units digit of f + -1 + 0 - 0?
1
Let y be 7/(-14)*(-1 - -1). Suppose 4*h + 3*c - 402 = c, -3*h + c + 289 = y. Suppose -2*m + 4 = -h. What is the units digit of m?
1
Let w(d) = -2*d - 7. Let v be w(-3). What is the units digit of (-1)/v - 39/(-3)?
4
Suppose 40*n - 3044 = 17676. What is the hundreds digit of n?
5
Let q = 20 - 38. What is the units digit of (3*(-2)/q)/(1/123)?
1
Let z = 23 + -23. Let g(o) be the third derivative of o**6/120 + o**5/60 + o**4/24 + 3*o**3/2 + 2*o**2. What is the units digit of g(z)?
9
Suppose 34 = 4*x + 2. Let c(t) = 2*t**2 - 6*t + 17. What is the tens digit of c(x)?
9
Let r be 1826/10 + ((-6)/5)/(-3). Suppose 6*j - 5*j + 311 = 2*t, 5*j = -t + r. What is the units digit of t?
8
Suppose -3*t - 8 = -5*t + 2*c, 0 = -4*t - 3*c + 16. Suppose 3*u = -u + 4*g + 32, -2*u = -t*g - 24. What is the tens digit of (-2)/8 - (-193)/u?
4
Let m be (-1 - (-1 - -1)) + -2. Let t(l) = l**2 + 3*l - 4. Let j be t(m). What is the uni